mainder when 10860 is divided by 213.
210
What is the remainder when 270 is divided by 48?
30
Calculate the remainder when 552 is divided by 83.
54
What is the remainder when 165 is divided by 19?
13
Calculate the remainder when 198 is divided by 98.
2
Calculate the remainder when 63 is divided by 30.
3
Calculate the remainder when 268 is divided by 77.
37
What is the remainder when 432 is divided by 14?
12
What is the remainder when 31 is divided by 6?
1
Calculate the remainder when 256 is divided by 254.
2
Calculate the remainder when 24 is divided by 13.
11
What is the remainder when 101 is divided by 79?
22
What is the remainder when 675 is divided by 68?
63
Calculate the remainder when 372 is divided by 27.
21
Calculate the remainder when 149322 is divided by 33.
30
Calculate the remainder when 144 is divided by 52.
40
What is the remainder when 1284 is divided by 8?
4
Calculate the remainder when 196 is divided by 33.
31
Calculate the remainder when 328 is divided by 22.
20
What is the remainder when 195 is divided by 37?
10
Calculate the remainder when 7354 is divided by 2443.
25
What is the remainder when 8359 is divided by 19?
18
What is the remainder when 694 is divided by 32?
22
Calculate the remainder when 1919 is divided by 96.
95
Calculate the remainder when 2022 is divided by 503.
10
What is the remainder when 595 is divided by 67?
59
What is the remainder when 164 is divided by 19?
12
Calculate the remainder when 623 is divided by 39.
38
What is the remainder when 203 is divided by 72?
59
What is the remainder when 1751 is divided by 22?
13
Calculate the remainder when 210 is divided by 33.
12
What is the remainder when 383 is divided by 30?
23
What is the remainder when 2067 is divided by 34?
27
What is the remainder when 354 is divided by 22?
2
Calculate the remainder when 388 is divided by 54.
10
Calculate the remainder when 578 is divided by 42.
32
Calculate the remainder when 3159 is divided by 23.
8
What is the remainder when 3022 is divided by 11?
8
Calculate the remainder when 15703 is divided by 15.
13
What is the remainder when 1872 is divided by 322?
262
What is the remainder when 2183 is divided by 104?
103
Calculate the remainder when 575 is divided by 239.
97
What is the remainder when 131 is divided by 7?
5
What is the remainder when 387 is divided by 56?
51
Calculate the remainder when 464 is divided by 127.
83
What is the remainder when 163 is divided by 64?
35
Calculate the remainder when 1063 is divided by 14.
13
Calculate the remainder when 2309 is divided by 34.
31
Calculate the remainder when 303 is divided by 82.
57
Calculate the remainder when 255 is divided by 3.
0
Calculate the remainder when 105 is divided by 88.
17
What is the remainder when 93 is divided by 47?
46
Calculate the remainder when 8 is divided by 4.
0
What is the remainder when 1578 is divided by 18?
12
What is the remainder when 17 is divided by 4?
1
Calculate the remainder when 188 is divided by 48.
44
What is the remainder when 53 is divided by 29?
24
What is the remainder when 233 is divided by 12?
5
What is the remainder when 425 is divided by 43?
38
What is the remainder when 3321 is divided by 12?
9
What is the remainder when 459 is divided by 33?
30
What is the remainder when 532 is divided by 30?
22
What is the remainder when 734 is divided by 8?
6
What is the remainder when 5576 is divided by 169?
168
Calculate the remainder when 633 is divided by 159.
156
Calculate the remainder when 333 is divided by 67.
65
Calculate the remainder when 261 is divided by 53.
49
Calculate the remainder when 432 is divided by 15.
12
Calculate the remainder when 42 is divided by 11.
9
Calculate the remainder when 44957 is divided by 254.
253
Calculate the remainder when 3937 is divided by 179.
178
What is the remainder when 111 is divided by 7?
6
What is the remainder when 1024 is divided by 17?
4
What is the remainder when 290 is divided by 74?
68
What is the remainder when 1983 is divided by 9?
3
Calculate the remainder when 5488 is divided by 3.
1
What is the remainder when 160 is divided by 23?
22
What is the remainder when 1689 is divided by 188?
185
What is the remainder when 507 is divided by 134?
105
What is the remainder when 775 is divided by 215?
130
Calculate the remainder when 46 is divided by 10.
6
Calculate the remainder when 373 is divided by 168.
37
What is the remainder when 101 is divided by 57?
44
Calculate the remainder when 57 is divided by 6.
3
Calculate the remainder when 40 is divided by 15.
10
Calculate the remainder when 638 is divided by 28.
22
What is the remainder when 236 is divided by 128?
108
Calculate the remainder when 383 is divided by 12.
11
Calculate the remainder when 1497 is divided by 7.
6
What is the remainder when 18 is divided by 5?
3
Calculate the remainder when 899 is divided by 17.
15
What is the remainder when 32 is divided by 11?
10
What is the remainder when 78 is divided by 30?
18
What is the remainder when 442 is divided by 7?
1
What is the remainder when 3476 is divided by 19?
18
What is the remainder when 1144 is divided by 39?
13
Calculate the remainder when 2619 is divided by 69.
66
What is the remainder when 200 is divided by 26?
18
Calculate the remainder when 2889 is divided by 6.
3
What is the remainder when 38493 is divided by 12?
9
Calculate the remainder when 350 is divided by 45.
35
What is the remainder when 13582 is divided by 4?
2
Calculate the remainder when 3352 is divided by 13.
11
Calculate the remainder when 124 is divided by 108.
16
What is the remainder when 99 is divided by 34?
31
What is the remainder when 765 is divided by 64?
61
Calculate the remainder when 1192 is divided by 171.
166
What is the remainder when 66 is divided by 33?
0
What is the remainder when 30570 is divided by 129?
126
What is the remainder when 6 is divided by 4?
2
Calculate the remainder when 57 is divided by 11.
2
Calculate the remainder when 511 is divided by 488.
23
What is the remainder when 78 is divided by 46?
32
Calculate the remainder when 4956 is divided by 87.
84
What is the remainder when 664 is divided by 212?
28
Calculate the remainder when 654 is divided by 10.
4
Calculate the remainder when 653 is divided by 82.
79
Calculate the remainder when 43 is divided by 23.
20
What is the remainder when 6958 is divided by 48?
46
Calculate the remainder when 238 is divided by 119.
0
Calculate the remainder when 67 is divided by 46.
21
What is the remainder when 7990 is divided by 108?
106
What is the remainder when 319 is divided by 14?
11
What is the remainder when 10876 is divided by 98?
96
Calculate the remainder when 2537 is divided by 27.
26
Calculate the remainder when 321 is divided by 40.
1
Calculate the remainder when 102 is divided by 21.
18
What is the remainder when 219 is divided by 13?
11
Calculate the remainder when 820 is divided by 37.
6
What is the remainder when 33 is divided by 9?
6
What is the remainder when 253 is divided by 244?
9
What is the remainder when 110 is divided by 59?
51
Calculate the remainder when 98 is divided by 6.
2
Calculate the remainder when 799 is divided by 80.
79
Calculate the remainder when 74 is divided by 11.
8
What is the remainder when 569 is divided by 71?
1
What is the remainder when 898 is divided by 434?
30
Calculate the remainder when 579 is divided by 121.
95
What is the remainder when 5133 is divided by 1281?
9
What is the remainder when 163 is divided by 19?
11
Calculate the remainder when 129 is divided by 52.
25
What is the remainder when 202 is divided by 42?
34
Calculate the remainder when 277 is divided by 33.
13
What is the remainder when 220 is divided by 23?
13
Calculate the remainder when 79 is divided by 8.
7
What is the remainder when 639 is divided by 211?
6
What is the remainder when 231 is divided by 77?
0
What is the remainder when 208 is divided by 99?
10
Calculate the remainder when 174 is divided by 38.
22
What is the remainder when 2893 is divided by 264?
253
What is the remainder when 49 is divided by 11?
5
What is the remainder when 520 is divided by 95?
45
Calculate the remainder when 270 is divided by 200.
70
Calculate the remainder when 128 is divided by 37.
17
What is the remainder when 618 is divided by 13?